{"id":16,"date":"2014-09-17T08:27:01","date_gmt":"2014-09-17T08:27:01","guid":{"rendered":"http:\/\/profevents.hu\/?page_id=16"},"modified":"2019-07-23T06:46:46","modified_gmt":"2019-07-23T06:46:46","slug":"kapcsolat","status":"publish","type":"page","link":"https:\/\/profevents.hu\/?page_id=16","title":{"rendered":"KAPCSOLAT"},"content":{"rendered":"<p><strong>ProfEvents Kft.<\/strong><\/p>\n<p>Telephely\/Posta c\u00edm: 2095 Pilissz\u00e1nt\u00f3, Kossuth L. u. 159.<\/p>\n<p>Telefonsz\u00e1m: +36 30 528-4749;<\/p>\n<p>Fax sz\u00e1m: +36 26 549-035;<\/p>\n<p>E-mail: dr.magolga@profevents.hu; dr.magolga@tauffer.hu<\/p>\n<p>Honlap: www.profevents.hu; www.tauffer.hu.<\/p>\n<p>&nbsp;<\/p>\n","protected":false},"excerpt":{"rendered":"<p>ProfEvents Kft. Telephely\/Posta c\u00edm: 2095 Pilissz\u00e1nt\u00f3, Kossuth L. u. 159. Telefonsz\u00e1m: +36 30 528-4749; Fax sz\u00e1m: +36 26 549-035; E-mail: dr.magolga@profevents.hu; dr.magolga@tauffer.hu Honlap: www.profevents.hu; www.tauffer.hu. &nbsp;<\/p>\n","protected":false},"author":3,"featured_media":0,"parent":0,"menu_order":0,"comment_status":"closed","ping_status":"closed","template":"","meta":{"footnotes":""},"class_list":["post-16","page","type-page","status-publish","hentry"],"_links":{"self":[{"href":"https:\/\/profevents.hu\/index.php?rest_route=\/wp\/v2\/pages\/16","targetHints":{"allow":["GET"]}}],"collection":[{"href":"https:\/\/profevents.hu\/index.php?rest_route=\/wp\/v2\/pages"}],"about":[{"href":"https:\/\/profevents.hu\/index.php?rest_route=\/wp\/v2\/types\/page"}],"author":[{"embeddable":true,"href":"https:\/\/profevents.hu\/index.php?rest_route=\/wp\/v2\/users\/3"}],"replies":[{"embeddable":true,"href":"https:\/\/profevents.hu\/index.php?rest_route=%2Fwp%2Fv2%2Fcomments&post=16"}],"version-history":[{"count":4,"href":"https:\/\/profevents.hu\/index.php?rest_route=\/wp\/v2\/pages\/16\/revisions"}],"predecessor-version":[{"id":268,"href":"https:\/\/profevents.hu\/index.php?rest_route=\/wp\/v2\/pages\/16\/revisions\/268"}],"wp:attachment":[{"href":"https:\/\/profevents.hu\/index.php?rest_route=%2Fwp%2Fv2%2Fmedia&parent=16"}],"curies":[{"name":"wp","href":"https:\/\/api.w.org\/{rel}","templated":true}]}}