{"id":181,"date":"2015-03-09T16:56:16","date_gmt":"2015-03-09T16:56:16","guid":{"rendered":"http:\/\/profevents.hu\/?page_id=181"},"modified":"2020-10-19T12:14:05","modified_gmt":"2020-10-19T12:14:05","slug":"la-mia-famiglia-etterem","status":"publish","type":"page","link":"https:\/\/profevents.hu\/","title":{"rendered":"Professzion\u00e1lis Szakmai Programok \u00e9s Csal\u00e1di Rendezv\u00e9nyek"},"content":{"rendered":"<p style=\"text-align: center;\"><strong>Professzion\u00e1lis rendezv\u00e9nyszervez\u00e9s minden m\u00e9retben<\/strong><\/p>\n<p style=\"text-align: center;\"><a href=\"https:\/\/profevents.hu\/wp-content\/uploads\/2015\/03\/Profevents-kezd\u0151lap.jpg\"><img loading=\"lazy\" decoding=\"async\" class=\"alignnone size-medium wp-image-386\" src=\"https:\/\/profevents.hu\/wp-content\/uploads\/2015\/03\/Profevents-kezd\u0151lap.jpg\" alt=\"Profevents kezd\u0151lap\" width=\"1\" height=\"1\" \/><\/a><a href=\"https:\/\/profevents.hu\/wp-content\/uploads\/2015\/03\/Profevents-kezd\u0151lap.jpg\"><img loading=\"lazy\" decoding=\"async\" class=\"alignnone size-medium wp-image-386\" src=\"https:\/\/profevents.hu\/wp-content\/uploads\/2015\/03\/Profevents-kezd\u0151lap.jpg\" alt=\"Profevents kezd\u0151lap\" width=\"1\" height=\"1\" \/><\/a><a href=\"https:\/\/profevents.hu\/wp-content\/uploads\/2015\/03\/Profevents-kezd\u0151lap.jpg\"><img loading=\"lazy\" decoding=\"async\" class=\"alignnone size-medium wp-image-386\" src=\"https:\/\/profevents.hu\/wp-content\/uploads\/2015\/03\/Profevents-kezd\u0151lap.jpg\" alt=\"Profevents kezd\u0151lap\" width=\"1\" height=\"1\" \/><\/a><a href=\"https:\/\/profevents.hu\/wp-content\/uploads\/2015\/03\/Profevents-kezd\u0151lap.jpg\"><img loading=\"lazy\" decoding=\"async\" class=\"alignnone wp-image-393\" src=\"https:\/\/profevents.hu\/wp-content\/uploads\/2015\/03\/Profevents-kezd\u0151lap-300x255.jpg\" alt=\"Profevents kezd\u0151lap\" width=\"621\" height=\"528\" srcset=\"https:\/\/profevents.hu\/wp-content\/uploads\/2015\/03\/Profevents-kezd\u0151lap-300x255.jpg 300w, https:\/\/profevents.hu\/wp-content\/uploads\/2015\/03\/Profevents-kezd\u0151lap-768x653.jpg 768w, https:\/\/profevents.hu\/wp-content\/uploads\/2015\/03\/Profevents-kezd\u0151lap-1024x871.jpg 1024w, https:\/\/profevents.hu\/wp-content\/uploads\/2015\/03\/Profevents-kezd\u0151lap.jpg 1956w\" sizes=\"auto, (max-width: 621px) 100vw, 621px\" \/><\/a><\/p>\n<p style=\"text-align: center;\"><strong> <a href=\"https:\/\/profevents.hu\/wp-content\/uploads\/2015\/03\/Profevents-kezd\u0151lap.jpg\"><img loading=\"lazy\" decoding=\"async\" class=\"alignnone size-medium wp-image-386\" src=\"https:\/\/profevents.hu\/wp-content\/uploads\/2015\/03\/Profevents-kezd\u0151lap.jpg\" alt=\"Profevents kezd\u0151lap\" width=\"1\" height=\"1\" \/><\/a>\u00a0 \u00a0 \u00a0 \u00a0 \u00a0<a href=\"https:\/\/profevents.hu\/wp-content\/uploads\/2015\/03\/Profevents-kezd\u0151lap-csal\u00e1di-1.jpg\"><img loading=\"lazy\" decoding=\"async\" class=\"alignnone  wp-image-398\" src=\"https:\/\/profevents.hu\/wp-content\/uploads\/2015\/03\/Profevents-kezd\u0151lap-csal\u00e1di-1-300x255.jpg\" alt=\"Profevents kezd\u0151lap csal\u00e1di\" width=\"623\" height=\"530\" srcset=\"https:\/\/profevents.hu\/wp-content\/uploads\/2015\/03\/Profevents-kezd\u0151lap-csal\u00e1di-1-300x255.jpg 300w, https:\/\/profevents.hu\/wp-content\/uploads\/2015\/03\/Profevents-kezd\u0151lap-csal\u00e1di-1-768x653.jpg 768w, https:\/\/profevents.hu\/wp-content\/uploads\/2015\/03\/Profevents-kezd\u0151lap-csal\u00e1di-1-1024x870.jpg 1024w, https:\/\/profevents.hu\/wp-content\/uploads\/2015\/03\/Profevents-kezd\u0151lap-csal\u00e1di-1.jpg 1957w\" sizes=\"auto, (max-width: 623px) 100vw, 623px\" \/><\/a><\/strong><\/p>\n<p><strong>\u00a0 <a href=\"https:\/\/profevents.hu\/?page_id=380\">AJ\u00c1NLAT K\u00c9R\u00c9SE ITT!<\/a><\/strong><\/p>\n<p><strong>\u00a0<\/strong><\/p>\n<p>&nbsp;<\/p>\n<p>&nbsp;<\/p>\n<p>&nbsp;<\/p>\n<p>&nbsp;<\/p>\n","protected":false},"excerpt":{"rendered":"<p>Professzion\u00e1lis rendezv\u00e9nyszervez\u00e9s minden m\u00e9retben \u00a0 \u00a0 \u00a0 \u00a0 \u00a0 \u00a0 AJ\u00c1NLAT K\u00c9R\u00c9SE ITT! \u00a0 &nbsp; &nbsp; &nbsp; &nbsp;<\/p>\n","protected":false},"author":3,"featured_media":0,"parent":0,"menu_order":0,"comment_status":"closed","ping_status":"closed","template":"","meta":{"footnotes":""},"class_list":["post-181","page","type-page","status-publish","hentry"],"_links":{"self":[{"href":"https:\/\/profevents.hu\/index.php?rest_route=\/wp\/v2\/pages\/181","targetHints":{"allow":["GET"]}}],"collection":[{"href":"https:\/\/profevents.hu\/index.php?rest_route=\/wp\/v2\/pages"}],"about":[{"href":"https:\/\/profevents.hu\/index.php?rest_route=\/wp\/v2\/types\/page"}],"author":[{"embeddable":true,"href":"https:\/\/profevents.hu\/index.php?rest_route=\/wp\/v2\/users\/3"}],"replies":[{"embeddable":true,"href":"https:\/\/profevents.hu\/index.php?rest_route=%2Fwp%2Fv2%2Fcomments&post=181"}],"version-history":[{"count":72,"href":"https:\/\/profevents.hu\/index.php?rest_route=\/wp\/v2\/pages\/181\/revisions"}],"predecessor-version":[{"id":399,"href":"https:\/\/profevents.hu\/index.php?rest_route=\/wp\/v2\/pages\/181\/revisions\/399"}],"wp:attachment":[{"href":"https:\/\/profevents.hu\/index.php?rest_route=%2Fwp%2Fv2%2Fmedia&parent=181"}],"curies":[{"name":"wp","href":"https:\/\/api.w.org\/{rel}","templated":true}]}}