{"id":380,"date":"2020-10-17T11:56:53","date_gmt":"2020-10-17T11:56:53","guid":{"rendered":"https:\/\/profevents.hu\/?page_id=380"},"modified":"2020-10-17T12:08:32","modified_gmt":"2020-10-17T12:08:32","slug":"ajanlatkeres","status":"publish","type":"page","link":"https:\/\/profevents.hu\/?page_id=380","title":{"rendered":"Aj\u00e1nlatk\u00e9r\u00e9s"},"content":{"rendered":"<p><strong>Tisztelt \u00c9rdekl\u0151d\u0151! Leend\u0151 Partner\u00fcnk!<\/strong><\/p>\n<p>Minden rendezv\u00e9ny m\u00e1s \u00e9s m\u00e1s.\u00a0 M\u00e1s a helysz\u00edn, az arculat, a l\u00e9tsz\u00e1m, m\u00e1s \u00e9s m\u00e1s a c\u00e9l. Nem lehet uniformiz\u00e1lt \u00e1rlist\u00e1t k\u00e9sz\u00edteni.\u00a0A\u00a0rendezv\u00e9nyekre sz\u00e1nt k\u00f6lts\u00e9gvet\u00e9sek is k\u00fcl\u00f6nb\u00f6z\u0151ek. Rendezv\u00e9nyaj\u00e1nlatunkat k\u00e9tf\u00e9le strat\u00e9gi\u00e1val \u00e1ll\u00edtjuk \u00f6ssze: rugalmasan alkalmazkodunk\u00a0megl\u00e9v\u0151 b\u00fcdzs\u00e9 kor\u00e1tokhoz a min\u0151s\u00e9g megtart\u00e1sa mellett vagy az optim\u00e1lisan legjobb, legfelejthetetlenebb megold\u00e1sokat aj\u00e1nljuk ki. Mindenk\u00e9ppen arra t\u00f6reksz\u00fcnk, hogy \u00fcgyfeleink sz\u00e1m\u00e1ra k\u00f6lts\u00e9ghat\u00e9kony megold\u00e1sokat javasoljunk.<\/p>\n<p><strong>Aj\u00e1nlat k\u00e9r\u00e9s\u00e9t k\u00fcldje a dr.MagOlga@profevents.hu e-mail c\u00edmre. <\/strong><\/p>\n<p>Amir\u0151l mindenk\u00e9ppen \u00edrnia kell!<\/p>\n<ol>\n<li>Rendezv\u00e9ny\u00a0f\u00f6ldrajzi helysz\u00edne, r\u00e9sztvev\u0151k sz\u00e1ma.<\/li>\n<li>Rendezv\u00e9ny t\u00edpusa<\/li>\n<li>Technikai \u00e9s egy\u00e9b ig\u00e9nyek<\/li>\n<li>Rendezv\u00e9ny id\u0151pontja<\/li>\n<\/ol>\n<p>K\u00e9rd\u00e9seire 48 \u00f3r\u00e1n bel\u00fcl v\u00e1laszolunk.<\/p>\n<p>K\u00f6sz\u00f6nettel \u00e9s \u00fcdv\u00f6zlettel: dr. Mag Olga \u00fcgyvezet\u0151<\/p>\n<p>&nbsp;<\/p>\n<p>&nbsp;<\/p>\n<p>&nbsp;<\/p>\n","protected":false},"excerpt":{"rendered":"<p>Tisztelt \u00c9rdekl\u0151d\u0151! Leend\u0151 Partner\u00fcnk! Minden rendezv\u00e9ny m\u00e1s \u00e9s m\u00e1s.\u00a0 M\u00e1s a helysz\u00edn, az arculat, a l\u00e9tsz\u00e1m, m\u00e1s \u00e9s m\u00e1s a c\u00e9l. Nem lehet uniformiz\u00e1lt \u00e1rlist\u00e1t k\u00e9sz\u00edteni.\u00a0A\u00a0rendezv\u00e9nyekre sz\u00e1nt k\u00f6lts\u00e9gvet\u00e9sek is k\u00fcl\u00f6nb\u00f6z\u0151ek. Rendezv\u00e9nyaj\u00e1nlatunkat k\u00e9tf\u00e9le strat\u00e9gi\u00e1val \u00e1ll\u00edtjuk \u00f6ssze: rugalmasan alkalmazkodunk\u00a0megl\u00e9v\u0151 b\u00fcdzs\u00e9 kor\u00e1tokhoz a &hellip; <a href=\"https:\/\/profevents.hu\/?page_id=380\">Continue reading <span class=\"meta-nav\">&rarr;<\/span><\/a><\/p>\n","protected":false},"author":3,"featured_media":0,"parent":0,"menu_order":0,"comment_status":"closed","ping_status":"closed","template":"","meta":{"footnotes":""},"class_list":["post-380","page","type-page","status-publish","hentry"],"_links":{"self":[{"href":"https:\/\/profevents.hu\/index.php?rest_route=\/wp\/v2\/pages\/380","targetHints":{"allow":["GET"]}}],"collection":[{"href":"https:\/\/profevents.hu\/index.php?rest_route=\/wp\/v2\/pages"}],"about":[{"href":"https:\/\/profevents.hu\/index.php?rest_route=\/wp\/v2\/types\/page"}],"author":[{"embeddable":true,"href":"https:\/\/profevents.hu\/index.php?rest_route=\/wp\/v2\/users\/3"}],"replies":[{"embeddable":true,"href":"https:\/\/profevents.hu\/index.php?rest_route=%2Fwp%2Fv2%2Fcomments&post=380"}],"version-history":[{"count":3,"href":"https:\/\/profevents.hu\/index.php?rest_route=\/wp\/v2\/pages\/380\/revisions"}],"predecessor-version":[{"id":384,"href":"https:\/\/profevents.hu\/index.php?rest_route=\/wp\/v2\/pages\/380\/revisions\/384"}],"wp:attachment":[{"href":"https:\/\/profevents.hu\/index.php?rest_route=%2Fwp%2Fv2%2Fmedia&parent=380"}],"curies":[{"name":"wp","href":"https:\/\/api.w.org\/{rel}","templated":true}]}}

Ajánlatkérés

<p><strong>Tisztelt Érdeklődő! Leendő Partnerünk!</strong></p>
<p>Minden rendezvény más és más.  Más a helyszín, az arculat, a létszám, más és más a cél. Nem lehet uniformizált árlistát készíteni. A rendezvényekre szánt költségvetések is különbözőek. Rendezvényajánlatunkat kétféle stratégiával állítjuk össze: rugalmasan alkalmazkodunk meglévő büdzsé korátokhoz a minőség megtartása mellett vagy az optimálisan legjobb, legfelejthetetlenebb megoldásokat ajánljuk ki. Mindenképpen arra törekszünk, hogy ügyfeleink számára költséghatékony megoldásokat javasoljunk.</p>
<p><strong>Ajánlat kérését küldje a dr.MagOlga@profevents.hu e-mail címre. </strong></p>
<p>Amiről mindenképpen írnia kell!</p>
<ol>
<li>Rendezvény földrajzi helyszíne, résztvevők száma.</li>
<li>Rendezvény típusa</li>
<li>Technikai és egyéb igények</li>
<li>Rendezvény időpontja</li>
</ol>
<p>Kérdéseire 48 órán belül válaszolunk.</p>
<p>Köszönettel és üdvözlettel: dr. Mag Olga ügyvezető</p>
<p>&nbsp;</p>
<p>&nbsp;</p>
<p>&nbsp;</p>

<p>Tisztelt Érdeklődő! Leendő Partnerünk! Minden rendezvény más és más.  Más a helyszín, az arculat, a létszám, más és más a cél. Nem lehet uniformizált árlistát készíteni. A rendezvényekre szánt költségvetések is különbözőek. Rendezvényajánlatunkat kétféle stratégiával állítjuk össze: rugalmasan alkalmazkodunk meglévő büdzsé korátokhoz a &hellip; <a href="https://profevents.hu/?page_id=380">Continue reading <span class="meta-nav">&rarr;</span></a></p>
