{"id":433,"date":"2022-01-18T15:28:06","date_gmt":"2022-01-18T15:28:06","guid":{"rendered":"https:\/\/profevents.hu\/?page_id=433"},"modified":"2023-01-25T13:36:22","modified_gmt":"2023-01-25T13:36:22","slug":"a-csalad-a-mi-ertekunk-konferencia","status":"publish","type":"page","link":"https:\/\/profevents.hu\/?page_id=433","title":{"rendered":"A Csal\u00e1d a Mi \u00c9rt\u00e9k\u00fcnk Konferencia"},"content":{"rendered":"\n<p><strong>20.&nbsp; Tauffer Vilmos Tov\u00e1bbk\u00e9pz\u0151 Konferencia &nbsp;<\/strong><\/p>\n\n\n\n<p><strong>Tisztelt Sz\u00fcl\u00e9szn\u0151k, V\u00e9d\u0151n\u0151k, Gyermek-\u00e9s Feln\u0151tt \u00c1pol\u00f3k, \u00c9rdekl\u0151d\u0151k!<\/strong><\/p>\n\n\n\n<p><strong>T\u00e1j\u00e9koztatjuk \u00d6n\u00f6ket, hogy A Csal\u00e1d a Mi \u00c9rt\u00e9k\u00fcnk 20 kredit pontos konferenci\u00e1nkat, amely&nbsp; 2021. december 10-\u00e9n elmaradt, 2022. j\u00fanius 10-\u00e9n&nbsp; a Nemzeti Sz\u00ednh\u00e1zban tartjuk meg. <\/strong><\/p>\n\n\n\n<p><strong>Nyilv\u00e1ntart\u00e1si sz\u00e1m: SZTK-A-72260\/2021; Kredit \u00e9rt\u00e9k: 20 pont.<\/strong><\/p>\n\n\n\n<p><strong>Szakma csoportok: v\u00e9d\u0151n\u0151i ell\u00e1t\u00e1s (12), sz\u00fcl\u00e9szeti ell\u00e1t\u00e1s (11), gyermek\u00e1pol\u00e1s \u00e9s gondoz\u00e1s (2), feln\u0151tt \u00e1pol\u00e1s \u00e9s gondoz\u00e1s (1).<\/strong><\/p>\n\n\n\n<p><strong>A r\u00e9szv\u00e9tel az Emberi Er\u0151forr\u00e1sok Miniszt\u00e9riuma t\u00e1mogat\u00e1sa r\u00e9v\u00e9n t\u00e9r\u00edt\u00e9smentes. <\/strong><\/p>\n\n\n\n<figure class=\"wp-block-image\"><a href=\"https:\/\/tauffer.hu\/wp-content\/uploads\/2017\/06\/Nemzeti-Szinhaz-P5120700.jpg\"><img decoding=\"async\" src=\"https:\/\/tauffer.hu\/wp-content\/uploads\/2017\/06\/Nemzeti-Szinhaz-P5120700-300x179.jpg\" alt=\"OLYMPUS DIGITAL CAMERA\" class=\"wp-image-1440\"\/><\/a><\/figure>\n\n\n\n<p><strong>El\u0151ad\u00e1s programunk:<\/strong><\/p>\n\n\n\n<p><strong>K\u00f6sz\u00f6nt\u0151: Prof.&nbsp;Dr. Hor<\/strong><strong>v\u00e1th Ildik\u00f3 eg\u00e9szs\u00e9g\u00fcgy\u00e9rt felel\u0151s \u00e1llamtitk\u00e1r (EMMI)<\/strong><\/p>\n\n\n\n<p><strong>Szakmai el\u0151ad\u00f3ink: Dr. Andrek Andrea, Dr. \u00c1d\u00e1m Zsolt, Dr. Kulcs\u00e1r Andrea, Dr. Melczer Zsolt PhD MSc, Sipk\u00f3 Gabriella, Bak\u00f3n\u00e9 Gottfried Anik\u00f3 \u00e9s Dr. Frit\u00faz G\u00e1bor<\/strong><\/p>\n\n\n\n<p><strong>Vend\u00e9g el\u0151ad\u00f3: Karin Pettersson (senior consultant, PhD and obstetrician from Karolinska Institut, Stockholm)<\/strong><\/p>\n\n\n\n<p><strong><em>&#8222;Covid 19 during pregnancy- are there increased risks for mother and child?&#8221;&nbsp;<\/em><\/strong><\/p>\n\n\n\n<p><strong>&#8222;A Covid 19&nbsp; jelent-e kock\u00e1zatot az any\u00e1ra, illetve a gyermekre?&#8221;<\/strong><\/p>\n\n\n\n<p><strong>(Magyar ford\u00edt\u00e1ssal.)<\/strong><\/p>\n\n\n\n<p><a href=\"https:\/\/profevents.hu\/wp-content\/uploads\/2022\/02\/Tauffer20_Konferencia_Program_2022_junius.doc\"><\/a><a href=\"https:\/\/profevents.hu\/wp-content\/uploads\/2022\/02\/Jelentkezesi_lap_Tauffer_2022_06_10-2.doc\"><\/a><\/p>\n\n\n\n<p><\/p>\n","protected":false},"excerpt":{"rendered":"<p>20.&nbsp; Tauffer Vilmos Tov\u00e1bbk\u00e9pz\u0151 Konferencia &nbsp; Tisztelt Sz\u00fcl\u00e9szn\u0151k, V\u00e9d\u0151n\u0151k, Gyermek-\u00e9s Feln\u0151tt \u00c1pol\u00f3k, \u00c9rdekl\u0151d\u0151k! T\u00e1j\u00e9koztatjuk \u00d6n\u00f6ket, hogy A Csal\u00e1d a Mi \u00c9rt\u00e9k\u00fcnk 20 kredit pontos konferenci\u00e1nkat, amely&nbsp; 2021. december 10-\u00e9n elmaradt, 2022. j\u00fanius 10-\u00e9n&nbsp; a Nemzeti Sz\u00ednh\u00e1zban tartjuk meg. Nyilv\u00e1ntart\u00e1si sz\u00e1m: &hellip; <a href=\"https:\/\/profevents.hu\/?page_id=433\">Continue reading <span class=\"meta-nav\">&rarr;<\/span><\/a><\/p>\n","protected":false},"author":3,"featured_media":0,"parent":0,"menu_order":0,"comment_status":"closed","ping_status":"closed","template":"","meta":{"footnotes":""},"class_list":["post-433","page","type-page","status-publish","hentry"],"_links":{"self":[{"href":"https:\/\/profevents.hu\/index.php?rest_route=\/wp\/v2\/pages\/433","targetHints":{"allow":["GET"]}}],"collection":[{"href":"https:\/\/profevents.hu\/index.php?rest_route=\/wp\/v2\/pages"}],"about":[{"href":"https:\/\/profevents.hu\/index.php?rest_route=\/wp\/v2\/types\/page"}],"author":[{"embeddable":true,"href":"https:\/\/profevents.hu\/index.php?rest_route=\/wp\/v2\/users\/3"}],"replies":[{"embeddable":true,"href":"https:\/\/profevents.hu\/index.php?rest_route=%2Fwp%2Fv2%2Fcomments&post=433"}],"version-history":[{"count":16,"href":"https:\/\/profevents.hu\/index.php?rest_route=\/wp\/v2\/pages\/433\/revisions"}],"predecessor-version":[{"id":519,"href":"https:\/\/profevents.hu\/index.php?rest_route=\/wp\/v2\/pages\/433\/revisions\/519"}],"wp:attachment":[{"href":"https:\/\/profevents.hu\/index.php?rest_route=%2Fwp%2Fv2%2Fmedia&parent=433"}],"curies":[{"name":"wp","href":"https:\/\/api.w.org\/{rel}","templated":true}]}}