{"id":595,"date":"2025-07-28T12:35:04","date_gmt":"2025-07-28T12:35:04","guid":{"rendered":"https:\/\/profevents.hu\/?page_id=595"},"modified":"2025-07-28T12:41:53","modified_gmt":"2025-07-28T12:41:53","slug":"25-jubileumi-tauffer-vilmos-konferencia-egyutt-a-jovo-gyermekeiert","status":"publish","type":"page","link":"https:\/\/profevents.hu\/?page_id=595","title":{"rendered":"25. Jubileumi Tauffer Vilmos Konferencia &#8211; Egy\u00fctt a j\u00f6v\u0151 Gyermekei\u00e9rt!"},"content":{"rendered":"\n<p><a href=\"https:\/\/tauffer.hu\/\">Egy\u00fctt a Magyar Sz\u00fcl\u00e9szet\u00e9rt 2026. Konferencia a Mad\u00e1ch Sz\u00ednh\u00e1zban <\/a><\/p>\n","protected":false},"excerpt":{"rendered":"<p>Egy\u00fctt a Magyar Sz\u00fcl\u00e9szet\u00e9rt 2026. Konferencia a Mad\u00e1ch Sz\u00ednh\u00e1zban<\/p>\n","protected":false},"author":2,"featured_media":0,"parent":0,"menu_order":0,"comment_status":"closed","ping_status":"closed","template":"","meta":{"footnotes":""},"class_list":["post-595","page","type-page","status-publish","hentry"],"_links":{"self":[{"href":"https:\/\/profevents.hu\/index.php?rest_route=\/wp\/v2\/pages\/595","targetHints":{"allow":["GET"]}}],"collection":[{"href":"https:\/\/profevents.hu\/index.php?rest_route=\/wp\/v2\/pages"}],"about":[{"href":"https:\/\/profevents.hu\/index.php?rest_route=\/wp\/v2\/types\/page"}],"author":[{"embeddable":true,"href":"https:\/\/profevents.hu\/index.php?rest_route=\/wp\/v2\/users\/2"}],"replies":[{"embeddable":true,"href":"https:\/\/profevents.hu\/index.php?rest_route=%2Fwp%2Fv2%2Fcomments&post=595"}],"version-history":[{"count":3,"href":"https:\/\/profevents.hu\/index.php?rest_route=\/wp\/v2\/pages\/595\/revisions"}],"predecessor-version":[{"id":600,"href":"https:\/\/profevents.hu\/index.php?rest_route=\/wp\/v2\/pages\/595\/revisions\/600"}],"wp:attachment":[{"href":"https:\/\/profevents.hu\/index.php?rest_route=%2Fwp%2Fv2%2Fmedia&parent=595"}],"curies":[{"name":"wp","href":"https:\/\/api.w.org\/{rel}","templated":true}]}}

25. Jubileumi Tauffer Vilmos Konferencia &#8211; Együtt a jövő Gyermekeiért!

<p><a href="https://tauffer.hu/">Együtt a Magyar Szülészetért 2026. Konferencia a Madách Színházban </a></p>

<p>Együtt a Magyar Szülészetért 2026. Konferencia a Madách Színházban</p>
