{"id":8,"date":"2014-09-17T08:25:51","date_gmt":"2014-09-17T08:25:51","guid":{"rendered":"http:\/\/profevents.hu\/?page_id=8"},"modified":"2020-10-17T11:53:15","modified_gmt":"2020-10-17T11:53:15","slug":"konferenciak","status":"publish","type":"page","link":"https:\/\/profevents.hu\/?page_id=8","title":{"rendered":"RENDEZV\u00c9NY SZERVEZ\u00c9S"},"content":{"rendered":"<p>A sikeres rendezv\u00e9ny nagyon sokat sz\u00e1m\u00edt abban, milyennek l\u00e1tj\u00e1k az \u00d6n c\u00e9g\u00e9t partnereik. A precizit\u00e1s, a kellemes, eleg\u00e1ns helysz\u00edn, a min\u0151s\u00e9gi szolg\u00e1ltat\u00e1sok a felejthetetlen \u00e9lm\u00e9ny biztos\u00edt\u00e9kai. Ha rendezv\u00e9nyei c\u00e9lja nem m\u00e1s, mint az emberi\/\u00fcgyf\u00e9li kapcsolatok szorosabb\u00e1 t\u00e9tele, nagy odafigyel\u00e9ssel kell terveznie minden percet. Ez azonban nem egyszer\u0171 feladat, nagyon sok munk\u00e1t \u00e9s energi\u00e1t ig\u00e9nyel. Mik\u00f6zben \u00d6n\u00f6knek sok m\u00e1s feladata is van, nem marad id\u0151 erre is. Hogy a kisebb test\u00fcleti \u00fcl\u00e9st\u0151l a nagy kongresszusokig, konferenci\u00e1kig programjuk az elk\u00e9pzel\u00e9snek megfelel\u0151en alakuljon, kez\u00fcnkbe vessz\u00fck a tervez\u00e9st \u00e9s kivitelez\u00e9st.<\/p>\n<p><strong>Rendezv\u00e9ny t\u00edpusok:<\/strong> Corporate meeting, Tr\u00e9ning, Csapat\u00e9p\u00edt\u0151 tr\u00e9ning, Ki\u00e1ll\u00edt\u00e1s, Sajt\u00f3t\u00e1j\u00e9koztat\u00f3, Konferencia, Kongresszus, Bankett, Fogad\u00e1s, \u00c1ll\u00f3fogad\u00e1s, Buffet-dinner, Kokt\u00e9lparti, Divatbemutat\u00f3.<\/p>\n<p><strong>Digitaliz\u00e1lt szolg\u00e1ltat\u00e1saink:<\/strong><\/p>\n<ul>\n<li>Vonalk\u00f3dos adatb\u00e1zis kezel\u00e9s \u00e9s bel\u00e9ptet\u00e9s<\/li>\n<\/ul>\n<p>Felk\u00e9sz\u00fcltek vagyunk t\u00f6bb sz\u00e1z\/ezer f\u0151 regisztr\u00e1l\u00e1s\u00e1ra \u00e9s bel\u00e9ptet\u00e9s\u00e9re. A digitaliz\u00e1lt rendszerek haszn\u00e1lata fokozza a gyorsas\u00e1got, \u00e9s minim\u00e1lisra cs\u00f6kkenti az emberi t\u00e9ved\u00e9sekb\u0151l ad\u00f3d\u00f3 hib\u00e1kat. Vonalk\u00f3dos bel\u00e9ptet\u0151 rendszer\u00fcnk seg\u00edts\u00e9g\u00e9vel megsz\u0171nik a sorban \u00e1ll\u00e1s, leegyszer\u0171s\u00f6dik a regisztr\u00e1ci\u00f3s folyamat. A rendezv\u00e9ny r\u00e9sztvev\u0151i sz\u00e1m\u00e1ra megszem\u00e9lyes\u00edtett konferencia t\u00e1sk\u00e1k adhat\u00f3ak \u00e1t, melyben n\u00e9vre sz\u00f3l\u00f3 igazol\u00e1sokat, sz\u00e1ml\u00e1kat helyezhet\u00fcnk el. A bel\u00e9ptet\u00e9s ideje a kit\u0171z\u0151n tal\u00e1lhat\u00f3 vonalk\u00f3d beolvas\u00e1si idej\u00e9vel egyenl\u0151.<\/p>\n<ul>\n<li>H\u00edrlev\u00e9l\/Megh\u00edv\u00f3 kik\u00fcld\u00e9se t\u00f6bb sz\u00e1z\/ezer f\u0151 sz\u00e1m\u00e1ra<\/li>\n<\/ul>\n<p>Megsz\u0171nik a posta k\u00f6lts\u00e9g. Egyetlen gombnyom\u00e1ssal kik\u00fcldj\u00fck a c\u00e9lcsoport sz\u00e1m\u00e1ra a h\u00edrleveleket, illetve a rendezv\u00e9ny megh\u00edv\u00f3it. A rendszer esem\u00e9nyek &#8222;ut\u00f3kezel\u00e9s\u00e9re&#8221; is alkalmas, pl. teszteredm\u00e9nyek, sorsol\u00e1si eredm\u00e9nyek k\u00f6zz\u00e9 t\u00e9tel\u00e9re szelekt\u00edv c\u00e9lcsoport sz\u00e1m\u00e1ra.<\/p>\n<ul>\n<li>C\u00e9lcsoport el\u00e9rhet\u0151s\u00e9g keres\u00e9s<\/li>\n<\/ul>\n<p>Megkeress\u00fck azokat, akikkel \u00d6n tal\u00e1lkozni szeretne. Javaslatot tesz\u00fcnk arra, hogyan tud kapcsolatba l\u00e9pni vel\u00fck, \u00e9s kivitelezz\u00fck a tal\u00e1lkoz\u00f3t.<\/p>\n<ul>\n<li>Vonalk\u00f3dos jegyrendel\u00e9s, kik\u00fcld\u00e9s \u00e9s nyomtat\u00e1s<\/li>\n<\/ul>\n<p>M\u0171soros programok eset\u00e9ben helyre sz\u00f3l\u00f3 jegyek kiad\u00e1s\u00e1t is tudjuk biztos\u00edtani. \u00cdgy elker\u00fclhet\u0151ek a program el\u0151tti helyfoglal\u00e1sos konfliktusok, vonalk\u00f3dos bel\u00e9ptet\u0151 rendszerrel gyors a bel\u00e9ptet\u00e9s t\u00f6bb sz\u00e1z n\u00e9z\u0151 sz\u00e1m\u00e1ra is. Az aktu\u00e1lis rendezv\u00e9nyre <a href=\"https:\/\/profeventsrendezvenyek.hu\/jegyrendeles\/\">k\u00fcl\u00f6n webes fel\u00fcleten<\/a> lehet jegyet ig\u00e9nyelni, v\u00e1s\u00e1rolni. A jegyeket vagy kik\u00fcldj\u00fck e-mail lev\u00e9lben vagy kinyomtatva adjuk \u00e1t.<\/p>\n<p><strong>Rendezv\u00e9nyhelysz\u00edn biztos\u00edt\u00e1sa:<\/strong><\/p>\n<ul>\n<li>A helysz\u00edn kiv\u00e1laszt\u00e1sa a rendezv\u00e9nyszervez\u00e9s legfontosabb l\u00e9p\u00e9se, mert az t\u00fckr\u00f6zi legjobban a c\u00e9ljainkat. Miut\u00e1n meghallgattuk terveit, eleg\u00e1ns, kellemes \u00e9s anyagi kereteinek megfelel\u0151 helysz\u00edneket fogunk javasolni. Aj\u00e1nlatunkkor figyelembe vessz\u00fck, milyen c\u00e9lcsoportnak sz\u00f3l a rendezv\u00e9ny, alkalmas-e az \u00e9p\u00fclet\/terem a tervezett program minden r\u00e9szlet\u00e9nek kivitelez\u00e9s\u00e9hez \u00e9s m\u00e9g arra is gondolunk, hogy a r\u00e9sztvev\u0151k sz\u00e1m\u00e1ra k\u00f6nnyed\u00e9n megk\u00f6zel\u00edthet\u0151 legyen. Sok rendezv\u00e9ny helysz\u00ednt ismer\u00fcnk, tapasztalatainkkal seg\u00edtj\u00fck meg d\u00f6nt\u00e9s\u00e9t.<\/li>\n<\/ul>\n<p><strong>A rendezv\u00e9ny c\u00e9ljainak, hangulat\u00e1nak legjobban megfelel\u0151 helysz\u00ednt aj\u00e1nljuk: <\/strong>Konferencia k\u00f6zpontok, Sz\u00e1llod\u00e1k rendezv\u00e9ny termei, Modern &#8222;trendi&#8221; helysz\u00ednek, R\u00e9gi hagyom\u00e1nyt \u0151rz\u0151 muze\u00e1lis \u00e9p\u00fcletek, Sporthelysz\u00ednek, Vid\u00e9ki hangulatot ny\u00fajt\u00f3 helysz\u00ednek, T\u00e1j\/term\u00e9szetk\u00f6zeli helysz\u00ednek, Esk\u00fcv\u0151 helysz\u00ednek.<\/p>\n<p><strong>Rendezv\u00e9ny szolg\u00e1ltat\u00e1saink:<\/strong><\/p>\n<ul>\n<li>\u00c9tkez\u00e9ses rendezv\u00e9nyek<\/li>\n<\/ul>\n<p>Az \u00e9tkez\u00e9s a rendezv\u00e9nyszervez\u00e9s igen fontos r\u00e9sze. Helytelen v\u00e1laszt\u00e1ssal sokat ronthatunk a program min\u0151s\u00e9g\u00e9n, \u00e9s m\u00e9g nagy k\u00f6lts\u00e9ggel is j\u00e1rhat. Mi az \u00e9tkeztet\u00e9s gazdas\u00e1gos form\u00e1j\u00e1t aj\u00e1nljuk. T\u00f6bb fog\u00e1sos k\u00edn\u00e1latunkhoz k\u00f6rnyezetbar\u00e1t ter\u00edt\u00e9ket haszn\u00e1lunk.<\/p>\n<p><strong>Catering szolg\u00e1lat\u00e1saink:<\/strong> G\u00e1lavacsora, \u00c1ll\u00f3 fogad\u00e1s, Sv\u00e9dasztal b\u00fcf\u00e9, Grill Party, Hideg t\u00e1lak szerv\u00edzel\u00e9se, M\u00e1rtogat\u00f3sok, Kemenc\u00e9s \u00e9telek, Sal\u00e1ta t\u00e1lak.<\/p>\n<ul>\n<li>Saj\u00e1t vet\u00edt\u00e9s \u00e9s hangtechnika<\/li>\n<\/ul>\n<p>B\u00e1rhov\u00e1 kitelep\u00fclve szervezhet\u00fcnk rendezv\u00e9nyeket, saj\u00e1t vet\u00edt\u00e9s- \u00e9s hangtechnik\u00e1val rendelkez\u00fcnk (projektorok, vet\u00edt\u0151 v\u00e1sznak, kever\u0151 pult, hangfalak, mobil hangfalak, fix \u00e9s mobil mikrofonok).<\/p>\n<ul>\n<li>Vonalk\u00f3dos bel\u00e9ptet\u0151\/azonos\u00edt\u00f3 rendszer<\/li>\n<\/ul>\n<p>&nbsp;<\/p>\n<p>&nbsp;<\/p>\n","protected":false},"excerpt":{"rendered":"<p>A sikeres rendezv\u00e9ny nagyon sokat sz\u00e1m\u00edt abban, milyennek l\u00e1tj\u00e1k az \u00d6n c\u00e9g\u00e9t partnereik. A precizit\u00e1s, a kellemes, eleg\u00e1ns helysz\u00edn, a min\u0151s\u00e9gi szolg\u00e1ltat\u00e1sok a felejthetetlen \u00e9lm\u00e9ny biztos\u00edt\u00e9kai. Ha rendezv\u00e9nyei c\u00e9lja nem m\u00e1s, mint az emberi\/\u00fcgyf\u00e9li kapcsolatok szorosabb\u00e1 t\u00e9tele, nagy odafigyel\u00e9ssel kell &hellip; <a href=\"https:\/\/profevents.hu\/?page_id=8\">Continue reading <span class=\"meta-nav\">&rarr;<\/span><\/a><\/p>\n","protected":false},"author":3,"featured_media":0,"parent":0,"menu_order":0,"comment_status":"closed","ping_status":"closed","template":"","meta":{"footnotes":""},"class_list":["post-8","page","type-page","status-publish","hentry"],"_links":{"self":[{"href":"https:\/\/profevents.hu\/index.php?rest_route=\/wp\/v2\/pages\/8","targetHints":{"allow":["GET"]}}],"collection":[{"href":"https:\/\/profevents.hu\/index.php?rest_route=\/wp\/v2\/pages"}],"about":[{"href":"https:\/\/profevents.hu\/index.php?rest_route=\/wp\/v2\/types\/page"}],"author":[{"embeddable":true,"href":"https:\/\/profevents.hu\/index.php?rest_route=\/wp\/v2\/users\/3"}],"replies":[{"embeddable":true,"href":"https:\/\/profevents.hu\/index.php?rest_route=%2Fwp%2Fv2%2Fcomments&post=8"}],"version-history":[{"count":13,"href":"https:\/\/profevents.hu\/index.php?rest_route=\/wp\/v2\/pages\/8\/revisions"}],"predecessor-version":[{"id":379,"href":"https:\/\/profevents.hu\/index.php?rest_route=\/wp\/v2\/pages\/8\/revisions\/379"}],"wp:attachment":[{"href":"https:\/\/profevents.hu\/index.php?rest_route=%2Fwp%2Fv2%2Fmedia&parent=8"}],"curies":[{"name":"wp","href":"https:\/\/api.w.org\/{rel}","templated":true}]}}